
8213299
In base 10, what is -393822 - 189?
-394011
In base 11, what is -11 + -298685?
-298696
In base 3, what is 12111022011 - -2002120?
12120101201
In base 7, what is -122052242 - -2?
-122052240
In base 16, what is -191b3 + bef?
-185c4
In base 11, what is 0 - 12320624?
-12320624
In base 16, what is df7c4d + 0?
df7c4d
In base 2, what is 1010010 + 10100000001100010?
10100000010110100
In base 11, what is -1571 - 6238?
-77a9
In base 6, what is 31030543312 - 3?
31030543305
In base 6, what is 153 - -145421435?
145422032
In base 7, what is 2236 - 114?
2122
In base 2, what is 110001 - -10110101100001101100?
10110101100010011101
In base 8, what is -5 + 130705703?
130705676
In base 8, what is -6 + -2742706?
-2742714
In base 6, what is 1 - -21002340?
21002341
In base 7, what is 23151114 + -16?
23151065
In base 9, what is 0 + 13165480?
13165480
In base 8, what is 5 + -420673?
-420666
In base 13, what is a027 - a4b?
92a9
In base 3, what is -10200220 + -20110101122?
-20121002112
In base 16, what is -4 - -389c50?
389c4c
In base 10, what is -15634209 + -2?
-15634211
In base 15, what is 2b - -6e928?
6e954
In base 8, what is -11746 - 41434?
-53402
In base 5, what is 102430421 + -3?
102430413
In base 15, what is -368a + 865?
-2d25
In base 5, what is -243 - 3410323?
-3411121
In base 3, what is -11202210 + 1212022?
-2220111
In base 12, what is 0 + -b9344520?
-b9344520
In base 15, what is -111b - eb?
-1217
In base 13, what is -58 + 2b922?
2b897
In base 9, what is -131281 - 1835?
-133226
In base 10, what is 16 - -706666?
706682
In base 8, what is -21102 + 10265?
-10615
In base 14, what is 17a + -432a8?
-4312c
In base 7, what is -1532263 + 62?
-1532201
In base 3, what is 1020001012200022 + 0?
1020001012200022
In base 3, what is 100201201112010120 - -12?
100201201112010202
In base 11, what is -1030202 - -3?
-10301aa
In base 9, what is -2 + 2630147?
2630145
In base 13, what is 9201531 + -5?
9201529
In base 12, what is -3026a1 + 40?
-302661
In base 3, what is 2001122 + -100101121210?
-100022120011
In base 3, what is 10 - -1220000120012?
1220000120022
In base 16, what is -14765 + 8d?
-146d8
In base 10, what is 687 + 384364?
385051
In base 9, what is -2552 - -25080?
22427
In base 15, what is -506 - -23ce5?
237de
In base 16, what is 16 + -31c086?
-31c070
In base 7, what is 3 + 3446306312?
3446306315
In base 16, what is 1 + 3421d4?
3421d5
In base 7, what is 1 - 16540664?
-16540663
In base 3, what is 10 - -12011111220201?
12011111220211
In base 8, what is 2261457 - -422?
2262101
In base 10, what is -2 - 881699?
-881701
In base 9, what is -151123 + -38?
-151162
In base 9, what is 312 - 57224?
-56812
In base 7, what is 21341634 + 4?
21341641
In base 15, what is 1a49b26 + -1c?
1a49b09
In base 15, what is 77 - -1023dc?
102464
In base 11, what is 5 - 18457220?
-18457216
In base 16, what is -96d4f - 13?
-96d62
In base 11, what is -91975a0 + 4?
-9197597
In base 14, what is -31c31d9 - 4?
-31c31dd
In base 15, what is 637 - -bbd?
1305
In base 11, what is -271 + -248825?
-248a96
In base 14, what is 762cd6 - 5?
762cd1
In base 14, what is 40c + -5a87b?
-5a46d
In base 16, what is -8 + 6d118?
6d110
In base 3, what is -2 - 2220101012122100?
-2220101012122102
In base 10, what is 55217 + 1482?
56699
In base 3, what is -202211 - 111100210012?
-111101120000
In base 3, what is -11022112122022112 + -2?
-11022112122022121
In base 16, what is 1d15 - -3c6?
20db
In base 2, what is -11001100001011010110 - 100?
-11001100001011011010
In base 3, what is -1111111100 - 10110212?
-1121222012
In base 11, what is 937339 - -28?
937366
In base 6, what is -120324302 - -33?
-120324225
In base 11, what is 42 + -148347?
-148305
In base 13, what is -30 - -5c783?
5c753
In base 5, what is 21403104441 + -2?
21403104434
In base 16, what is -4b + 20e14?
20dc9
In base 6, what is 15045023314 - 5?
15045023305
In base 2, what is -10001011001101101001001001 + -100?
-10001011001101101001001101
In base 16, what is 5 - 2883a1?
-28839c
In base 7, what is -4064642 + 2?
-4064640
In base 4, what is -23 - 2003312133?
-2003312222
In base 12, what is -6439aa + -1b?
-643a09
In base 3, what is -11102 + -112000121?
-112012000
In base 12, what is -19b1 + 3763?
1972
In base 3, what is -10 + 1111000110020?
1111000110010
In base 12, what is 1 - -14631b69?
14631b6a
In base 14, what is -d8 - -3adcd?
3acd5
In base 4, what is -1002032 - -11030210?
10022112
In base 10, what is 48 - -17833?
17881
In base 4, what is -31 - 111011201303?
-111011202000
In base 7, what is -1563 - -12636?
11043
In base 6, what is -154411414 + 21?
-154411353
In base 2, what is -10110100011110 + -101111?
-10110101001101
In base 7, what is 11001666 - 6?
11001660
In base 16, what is 66f - 846e2?
-84073
In base 13, what is 2 - -126a2a1?
126a2a3
In base 14, what is 866d4 - -22?
86716
In base 11, what is 2378 + 9159?
10526
In base 5, what is -2443 - 3214333?
-3222331
In base 2, what is -1000110111 + -100000010000100100?
-100000011001011011
In base 14, what is -4d085a - 3?
-4d085d
In base 11, what is -11 - 10954149?
-1095415a
In base 6, what is 255 + -15525450?
-15525151
In base 15, what is -2 - -ae3809a?
ae38098
In base 9, what is 1355567 + -168?
1355388
In base 13, what is -2b + 7c04b?
7c020
In base 15, what is -5 + 610d1dd?
610d1d8
In base 10, what is 31633 + 138?
31771
In base 16, what is -2a2bd2 - 8?
-2a2bda
In base 6, what is -12230430 + 30?
-12230400
In base 11, what is -94629 + -118?
-94746
In base 15, what is -666e7e - -35?
-666e49
In base 9, what is 6443 + 21206?
27650
In base 8, what is -64472475 + 3?
-64472472
In base 8, what is -624 - -22170?
21344
In base 6, what is 1232321 + -415?
1231502
In base 6, what is 42125535 - 5?
42125530
In base 10, what is 73763 + 285?
74048
In base 11, what is 9 - 2187861?
-2187853
In base 6, what is -221353531 + 3?
-221353524
In base 6, what is -242 - 3021432?
-3022114
In base 14, what is 25 + 80a2?
80c7
In base 11, what is 2 + 58118a0?
58118a2
In base 12, what is 214 + 14970?
14b84
In base 10, what is -845672 + -28?
-845700
In base 15, what is 82d7b2 + 31?
82d7e3
In base 5, what is 1314104004 - 10?
1314103444
In base 12, what is -72a582 - -29?
-72a555
In base 15, what is 1 + 123a95e0?
123a95e1
In base 11, what is 6149 - -129?
6277
In base 5, what is -301 + -104110232?
-104111033
In base 2, what is -11011101011100011 + 11100000?
-11011101000000011
In base 4, what is -320313 - -221200320?
220220001
In base 8, what is 3762 - 5350?
-1366
In base 5, what is -10 + 23204233102?
23204233042
In base 6, what is -103105 + -4425?
-111534
In base 5, what is 3 + 13123004210?
13123004213
In base 8, what is 14515000 + -35?
14514743
In base 6, what is -13003 + 32511?
15504
In base 6, what is -1202 - -313225?
312023
In base 5, what is 10322210433 + 0?
10322210433
In base 5, what is -33311 + -23101?
-111412
In base 9, what is -300 - 78?
-378
In base 15, what is 5b500 - 42?
5b4ad
In base 5, what is 3144 + -10403410?
-10400211
In base 16, what is bb + 2e666?
2e721
In base 5, what is 41443 + 10200?
102143
In base 13, what is 1b4 + -402a?
-3b46
In base 16, what is 4de77 - 19?
4de5e
In base 10, what is -5209 - 26186?
-31395
In base 9, what is 8264307 + -2?
8264305
In base 15, what is e3d + 1561?
249e
In base 15, what is -15 - e1e7a?
-e1e90
In base 7, what is -252 - -50336261?
50336006
In base 16, what is 102 + -2bda88?
-2bd986
In base 9, what is -267 + -32850?
-33227
In base 15, what is a9eb95e + -3?
a9eb95b
In base 15, what is 9625 - b3e?
89d6
In base 5, what is 43302124000 + -2?
43302123443
In base 2, what is -1111010110000101100 + -10010111000?
-1111011000011100100
In base 2, what is -10101010111111011111110 + -111?
-10101010111111100000101
In base 10, what is 19493755 - 1?
19493754
In base 7, what is -2 - -10426601?
10426566
In base 6, what is -143535 + 132530?
-11005
In base 15, what is -d + a312ec?
a312de
In base 3, what is -111012 - 122121201211?
-122122020000
In base 16, what is 37 + 6a44?
6a7b
In base 15, what is -69271a - -12?
-692708
In base 10, what is 233237 + 83?
233320
In base 6, what is -12332040151 - -3?
-12332040144
In base 8, what is -1232 + 5242?
4010
In base 4, what is 122333113231 + 0?
122333113231
In base 3, what is -20210220002 + -20000?
-20211010002
In base 16, what is 5b8f - -105?
5c94
In base 16, what is 140 + -88ad?
-876d
I